346 and 33?
33
What is the greatest common factor of 119 and 28?
7
Calculate the highest common factor of 75 and 531.
3
Calculate the highest common factor of 16 and 2.
2
What is the highest common factor of 1773 and 9?
9
Calculate the greatest common divisor of 100 and 180.
20
Calculate the highest common factor of 1008 and 3584.
112
What is the highest common factor of 60 and 75?
15
What is the greatest common factor of 24 and 16908?
12
Calculate the greatest common factor of 161 and 21.
7
Calculate the highest common divisor of 28 and 10066.
14
What is the highest common divisor of 1650 and 150?
150
Calculate the highest common factor of 28 and 63.
7
Calculate the highest common divisor of 9 and 9846.
9
Calculate the highest common divisor of 5 and 35.
5
Calculate the highest common divisor of 245 and 11200.
35
Calculate the highest common factor of 12 and 16.
4
Calculate the highest common factor of 9 and 5592.
3
What is the greatest common divisor of 858 and 65?
13
Calculate the greatest common factor of 19817 and 7.
7
Calculate the greatest common factor of 2475 and 1.
1
What is the greatest common factor of 10 and 640?
10
Calculate the greatest common divisor of 1860 and 30.
30
What is the highest common divisor of 2597 and 196?
49
What is the highest common divisor of 110 and 70?
10
What is the highest common factor of 1022 and 238?
14
Calculate the greatest common divisor of 97 and 1.
1
Calculate the highest common factor of 276 and 12.
12
Calculate the greatest common divisor of 627 and 165.
33
Calculate the greatest common divisor of 14 and 2422.
14
Calculate the highest common factor of 75 and 15.
15
Calculate the highest common factor of 36 and 9.
9
What is the greatest common divisor of 99 and 407?
11
Calculate the greatest common divisor of 10 and 26170.
10
What is the highest common factor of 175 and 725?
25
What is the highest common divisor of 1928 and 128?
8
What is the highest common divisor of 150 and 3050?
50
Calculate the greatest common divisor of 992 and 96.
32
Calculate the highest common divisor of 192 and 2976.
96
What is the highest common factor of 462 and 44?
22
What is the greatest common factor of 3317 and 31?
31
What is the highest common divisor of 206 and 2?
2
Calculate the greatest common divisor of 1228 and 4.
4
What is the highest common factor of 6 and 6?
6
Calculate the greatest common divisor of 42 and 7518.
42
Calculate the greatest common factor of 11 and 20581.
11
What is the highest common factor of 2911 and 41?
41
Calculate the highest common factor of 553 and 158.
79
What is the greatest common divisor of 664 and 48?
8
What is the highest common divisor of 34 and 10?
2
What is the greatest common factor of 6 and 834?
6
What is the highest common divisor of 225 and 60?
15
What is the highest common divisor of 224 and 42?
14
Calculate the greatest common factor of 14655 and 45.
15
What is the highest common factor of 9894 and 388?
194
What is the greatest common factor of 133 and 49?
7
Calculate the greatest common factor of 2150 and 50.
50
Calculate the greatest common factor of 1739 and 185.
37
Calculate the greatest common divisor of 1020 and 150.
30
Calculate the highest common factor of 4847 and 131.
131
Calculate the highest common divisor of 208 and 544.
16
What is the greatest common factor of 207 and 36?
9
Calculate the highest common factor of 248 and 186.
62
Calculate the highest common divisor of 20 and 76.
4
Calculate the greatest common divisor of 3443 and 33.
11
What is the greatest common factor of 170 and 310?
10
What is the greatest common divisor of 1125 and 100?
25
Calculate the greatest common divisor of 121 and 22.
11
Calculate the greatest common divisor of 60 and 880.
20
Calculate the greatest common factor of 4 and 38.
2
What is the greatest common divisor of 87 and 3?
3
What is the greatest common factor of 159 and 3074?
53
Calculate the greatest common factor of 11 and 13.
1
What is the highest common divisor of 2 and 2894?
2
What is the greatest common divisor of 2224 and 2363?
139
What is the highest common factor of 66 and 1034?
22
What is the greatest common divisor of 12 and 948?
12
What is the highest common divisor of 41 and 2501?
41
Calculate the greatest common factor of 1001 and 77.
77
Calculate the greatest common divisor of 116 and 172.
4
What is the highest common divisor of 112 and 208?
16
What is the highest common divisor of 162 and 3321?
81
What is the highest common factor of 102 and 8772?
102
Calculate the greatest common divisor of 124 and 8308.
124
Calculate the highest common factor of 374 and 132.
22
Calculate the highest common factor of 103 and 4223.
103
Calculate the highest common divisor of 41 and 451.
41
What is the highest common divisor of 210 and 70?
70
Calculate the highest common divisor of 86 and 86.
86
Calculate the greatest common divisor of 22 and 473.
11
What is the highest common factor of 196 and 2044?
28
What is the greatest common divisor of 70796 and 44?
44
What is the greatest common divisor of 18 and 1296?
18
Calculate the greatest common factor of 2124 and 684.
36
What is the highest common divisor of 52232 and 8?
8
What is the highest common divisor of 9849 and 67?
67
Calculate the highest common divisor of 100 and 32200.
100
What is the highest common divisor of 1281 and 21?
21
What is the greatest common divisor of 6107 and 93?
31
What is the greatest common divisor of 98 and 182?
14
Calculate the highest common divisor of 40 and 1280.
40
What is the greatest common factor of 12 and 186?
6
Calculate the greatest common factor of 9 and 147.
3
Calculate the highest common factor of 2884 and 32.
4
Calculate the highest common factor of 16 and 272.
16
What is the greatest common divisor of 18 and 15?
3
Calculate the highest common divisor of 24 and 9.
3
What is the greatest common factor of 1612 and 2015?
403
Calculate the highest common divisor of 312 and 10140.
156
What is the highest common divisor of 66 and 165?
33
What is the greatest common factor of 114 and 6?
6
Calculate the highest common divisor of 110 and 286.
22
Calculate the greatest common factor of 16 and 322.
2
What is the greatest common factor of 546 and 26?
26
What is the greatest common divisor of 7202 and 26?
26
What is the greatest common divisor of 12 and 1372?
4
Calculate the highest common factor of 1323 and 49.
49
What is the highest common divisor of 14 and 259?
7
Calculate the highest common divisor of 20 and 670.
10
Calculate the greatest common factor of 923 and 355.
71
Calculate the greatest common divisor of 168 and 2968.
56
What is the greatest common factor of 1394 and 82?
82
Calculate the greatest common factor of 30 and 1770.
30
What is the greatest common divisor of 3840 and 2240?
320
Calculate the greatest common divisor of 112 and 14.
14
What is the greatest common divisor of 4998 and 98?
98
Calculate the greatest common divisor of 15 and 7080.
15
Calculate the greatest common factor of 184 and 344.
8
What is the greatest common divisor of 75 and 175?
25
What is the greatest common divisor of 81 and 4104?
27
Calculate the highest common divisor of 188 and 11092.
188
What is the greatest common divisor of 16 and 62?
2
Calculate the greatest common factor of 10 and 440.
10
Calculate the greatest common divisor of 946 and 66.
22
Calculate the highest common divisor of 1092 and 21.
21
Calculate the highest common divisor of 26 and 19526.
26
Calculate the highest common factor of 32 and 12.
4
What is the greatest common factor of 22438 and 26?
26
Calculate the highest common divisor of 106 and 954.
106
What is the highest common divisor of 736 and 32?
32
Calculate the highest common divisor of 10 and 2430.
10
Calculate the highest common factor of 4806 and 27.
27
Calculate the highest common factor of 56 and 1134.
14
Calculate the greatest common factor of 96 and 160.
32
Calculate the greatest common factor of 9 and 2529.
9
What is the highest common divisor of 3219 and 29?
29
Calculate the greatest common factor of 30 and 534.
6
What is the greatest common divisor of 234 and 1521?
117
What is the greatest common factor of 2865 and 30?
15
Calculate the greatest common divisor of 726 and 18.
6
What is the greatest common divisor of 24 and 